{"id":548,"date":"2022-05-27T09:27:36","date_gmt":"2022-05-27T07:27:36","guid":{"rendered":"https:\/\/nuovo.belluschi.it\/?page_id=548"},"modified":"2022-08-02T16:09:37","modified_gmt":"2022-08-02T14:09:37","slug":"condizioni-duso","status":"publish","type":"page","link":"https:\/\/www.belluschi.it\/?page_id=548","title":{"rendered":"Condizioni d&#8217;uso"},"content":{"rendered":"<p>[et_pb_section fb_built=&#8221;1&#8243; _builder_version=&#8221;4.16&#8243; _module_preset=&#8221;default&#8221; custom_margin=&#8221;0px||0px||false|false&#8221; custom_padding=&#8221;0px||0px||false|false&#8221; global_colors_info=&#8221;{}&#8221;][et_pb_row _builder_version=&#8221;4.16&#8243; _module_preset=&#8221;default&#8221; custom_margin=&#8221;50px||50px||false|false&#8221; custom_padding=&#8221;0px||0px||false|false&#8221; global_colors_info=&#8221;{}&#8221;][et_pb_column type=&#8221;4_4&#8243; _builder_version=&#8221;4.16&#8243; _module_preset=&#8221;default&#8221; global_colors_info=&#8221;{}&#8221;][et_pb_text _builder_version=&#8221;4.17.4&#8243; _module_preset=&#8221;default&#8221; text_text_color=&#8221;#e3e4e6&#8243; header_font=&#8221;|100||on|||||&#8221; header_text_color=&#8221;#e3e4e6&#8243; header_font_size=&#8221;100px&#8221; custom_margin=&#8221;0px||0px||false|false&#8221; custom_padding=&#8221;0px||0px||false|false&#8221; hover_enabled=&#8221;0&#8243; global_colors_info=&#8221;{}&#8221; sticky_enabled=&#8221;0&#8243;]<\/p>\n<h1>condizioni d&#8217;uso<\/h1>\n<p>[\/et_pb_text][\/et_pb_column][\/et_pb_row][\/et_pb_section][et_pb_section fb_built=&#8221;1&#8243; _builder_version=&#8221;4.16&#8243; _module_preset=&#8221;default&#8221; custom_margin=&#8221;100px||100px||false|false&#8221; custom_padding=&#8221;0px||0px||false|false&#8221; global_colors_info=&#8221;{}&#8221;][et_pb_row _builder_version=&#8221;4.16&#8243; _module_preset=&#8221;default&#8221; custom_margin=&#8221;0px||0px||false|false&#8221; custom_padding=&#8221;0px||0px||false|false&#8221; global_colors_info=&#8221;{}&#8221;][et_pb_column type=&#8221;4_4&#8243; _builder_version=&#8221;4.16&#8243; _module_preset=&#8221;default&#8221; global_colors_info=&#8221;{}&#8221;][et_pb_text _builder_version=&#8221;4.16&#8243; _module_preset=&#8221;default&#8221; text_font=&#8221;Helvetica Neue Regular||||||||&#8221; text_text_color=&#8221;#454545&#8243; text_font_size=&#8221;15px&#8221; text_line_height=&#8221;2em&#8221; header_2_font=&#8221;Bodoni 72 Book|||on|||||&#8221; header_2_text_color=&#8221;#781215&#8243; custom_margin=&#8221;0px||0px||false|false&#8221; custom_padding=&#8221;0px||0px||false|false&#8221; global_colors_info=&#8221;{}&#8221;]<\/p>\n<p class=\"p1\"><strong>Di cosa si tratta?<\/strong><\/p>\n<p class=\"p2\">Quando utilizzi il sito www.belluschi.it e le altre risorse online, quali, ad esempio, il formulario di contatto, i profili sui social media, la newsletter o il plug-in per inviarci documenti in maniera sicura, stai utilizzando strumenti e contenuti di propriet\u00e0 di Belluschi, per cui sei tenuto a rispettare le condizioni d\u2019uso previste in questo documento.<\/p>\n<p class=\"p1\"><strong>E la privacy? I cookies?<\/strong><\/p>\n<p class=\"p3\">L\u2019informativa sul trattamento dei dati personali, che comprende l\u2019impiego dei cookies, la trovi a questo <span class=\"s1\">link<\/span>. Leggila con attenzione, poich\u00e9 \u00e8 parte integrante del presente documento.<\/p>\n<p class=\"p4\">\n<p class=\"p1\"><strong>Chi siamo e come puoi contattarci?<\/strong><\/p>\n<p class=\"p5\">Belluschi 1911 srl \u00e8 titolare del sito www.belluschi.it e delle risorse collegate.<span class=\"Apple-converted-space\">\u00a0<\/span><\/p>\n<p class=\"p5\">Per comunicare con noi, usa i seguenti contatti: (i) indirizzo postale: via Al Piano 21\/b, 22100, Como &#8211; <a href=\"mailto:info@belluschi.it\"><span class=\"s2\">info@belluschi.it<\/span><\/a> &#8211; +39 031 590760<\/p>\n<p class=\"p5\"><span class=\"s3\">Attenzione<\/span>: essendo in uso filtri per tutelare la sicurezza della nostra azienda, una comunicazione per e-mail s\u2019intender\u00e0 da noi ricevuta solo in presenza di una nostra risposta oppure conferma di ricezione. Diversamente, devi considerare la comunicazione come non recapitata.<\/p>\n<p>[\/et_pb_text][\/et_pb_column][\/et_pb_row][et_pb_row _builder_version=&#8221;4.16&#8243; _module_preset=&#8221;default&#8221; custom_margin=&#8221;0px||0px||false|false&#8221; custom_padding=&#8221;0px||0px||false|false&#8221; global_colors_info=&#8221;{}&#8221;][et_pb_column type=&#8221;4_4&#8243; _builder_version=&#8221;4.16&#8243; _module_preset=&#8221;default&#8221; global_colors_info=&#8221;{}&#8221;][et_pb_text _builder_version=&#8221;4.16&#8243; _module_preset=&#8221;default&#8221; text_font=&#8221;Helvetica Neue Regular||||||||&#8221; text_text_color=&#8221;#454545&#8243; text_font_size=&#8221;15px&#8221; text_line_height=&#8221;1.6em&#8221; header_2_font=&#8221;Bodoni 72 Book|||on|||||&#8221; header_2_text_color=&#8221;#781215&#8243; header_3_font=&#8221;Helvetica Neue Bold|||on|||||&#8221; header_3_font_size=&#8221;20px&#8221; custom_margin=&#8221;50px||50px||false|false&#8221; custom_padding=&#8221;0px||0px||false|false&#8221; global_colors_info=&#8221;{}&#8221;]<\/p>\n<h3>Condizioni generali contrattuali<\/h3>\n<p>[\/et_pb_text][et_pb_text _builder_version=&#8221;4.16&#8243; _module_preset=&#8221;default&#8221; text_font=&#8221;Helvetica Neue Regular||||||||&#8221; text_text_color=&#8221;#454545&#8243; text_font_size=&#8221;15px&#8221; text_line_height=&#8221;2em&#8221; header_2_font=&#8221;Bodoni 72 Book|||on|||||&#8221; header_2_text_color=&#8221;#781215&#8243; custom_margin=&#8221;0px||0px||false|false&#8221; custom_padding=&#8221;0px||0px||false|false&#8221; global_colors_info=&#8221;{}&#8221;]<\/p>\n<p class=\"p1\"><strong><span class=\"s1\">Carattere vincolante delle condizioni d\u2019uso<\/span>.<br \/><\/strong> Con l\u2019accesso al sito e\/o alle risorse online rese disponibili da www.belluschi.it accetti di essere vincolato dai termini stabiliti dal presente documento nella versione in vigore al momento del singolo accesso.<\/p>\n<p class=\"p1\"><strong><span class=\"s1\">Obbligo di consultazione<\/span>.<\/strong> <br \/>Le condizioni d\u2019uso sono variabili nel tempo poich\u00e9 gli strumenti e i contenuti evolvono nel tempo. Dato che le modifiche vengono pubblicate solo online, \u00e8 tuo dovere visitare questa pagina ogni volta che utilizzi le nostre risorse in maniera tale da essere sempre aggiornato.<\/p>\n<p class=\"p1\"><strong><span class=\"s1\">Esclusione di responsabilit\u00e0<\/span>.<\/strong> <br \/>Offriamo il sito e le risorse online a titolo gratuito e senza alcuna garanzia in materia di disponibilit\u00e0, utilit\u00e0, completezza, sicurezza e\/o affidabilit\u00e0 degli strumenti e dei contenuti pubblicati. Per ottenere informazioni e\/o offerte vincolanti, rivolgiti al nostro servizio vendite tramite l\u2019e-mail info@belluschi.it<span class=\"s2\"><span class=\"Apple-converted-space\">\u00a0<\/span><\/span><\/p>\n<p class=\"p1\"><strong><span class=\"s1\">Propriet\u00e0 intellettuale<\/span>.<\/strong> <br \/>Deteniamo la piena ed esclusiva propriet\u00e0 intellettuale sul sito e sulle altre risorse online, sulla grafica, sui database e sui loro contenuti, come pure su segni e designazioni protetti per legge, nonch\u00e9 su marchi registrati (qualora indicato) e non. Qualsivoglia utilizzazione di materiale protetto non supportata da una licenza d\u2019uso legale o contrattuale \u00e8 illecita e sar\u00e0 perseguita civilmente e penalmente.<\/p>\n<p class=\"p1\"><strong><span class=\"s1\">Politica in materia di collegamenti ipertestuali<\/span>.<\/strong> <br \/>Fatto salvo il diritto di revoca in ogni tempo, sei autorizzato a condividere collegamenti ipertestuali diretti al nostro sito (inclusi i collegamenti a pagine interne) e alle altre risorse online, a condizione che l\u2019utilizzo (i) avvenga al di fuori da un rapporto di concorrenza con www.belluschi.it, (ii) sia leale e in buona fede e (iii) non sia in alcun modo lesivo dell\u2019immagine di www.belluschi.it e\/o dei suoi organi, dirigenti e\/o dipendenti. L\u2019incorporazione, parziale o completa, dei contenuti del sito in altri siti o risorse online e\/o offline \u00e8 per conto vietata e sar\u00e0 perseguita civilmente e penalmente.<\/p>\n<p class=\"p1\"><strong><span class=\"s1\">Contenuti e servizi di terzi, collegamenti esterni al Sito<\/span>.<\/strong> <br \/>Il sito e le risorse online integrano collegamenti a siti, risorse e servizi esterni al rilevante dominio (in particolare, www.belluschi.it). Non abbiamo alcun controllo su tali siti e risorse, in particolare dal profilo della sicurezza, della qualit\u00e0 delle informazioni e della protezione dei dati, per cui non assumiamo alcuna responsabilit\u00e0 al riguardo.<\/p>\n<p class=\"p1\"><strong><span class=\"s1\">Obblighi di comportamento degli utenti<\/span>.<\/strong> <br \/>Con l\u2019accesso e l\u2019uso del sito e delle altre risorse online ti impegni ad utilizzare tali strumenti (inclusi e-mail, formulario di contatto, numero di telefono, profili sui social media, newsletter ecc.) in maniera lecita, rispettosa dei nostri diritti e di quelli terzi (inclusi gli altri utenti) nonch\u00e9 conforme al presente documento. In particolare, ti impegni a:<\/p>\n<ul class=\"ul1\">\n<li class=\"li1\"><span class=\"s3\"><\/span>non trasmettere contenuti illeciti, molesti, offensivi, discriminatori, minacciosi, dannosi, volgari o altrimenti inappropriati;<\/li>\n<li class=\"li1\"><span class=\"s3\"><\/span>non utilizzare il sito (e le altre risorse online) e le informazioni ivi contenute per compiere atti illeciti, fraudolenti o lesivi di diritti di terzi, compresi il diritto d\u2019autore e i diritti della personalit\u00e0;<span class=\"Apple-converted-space\">\u00a0<\/span><\/li>\n<li class=\"li1\"><span class=\"s3\"><\/span>comunicare dati personali solo con il consenso preventivo ed espresso delle persone interessate, dopo averle informate compiutamente sui trattamenti di dati personali connessi;<\/li>\n<li class=\"li1\"><span class=\"s3\"><\/span>comunicare dati e informazioni aggiornati e veritieri;<\/li>\n<li class=\"li1\"><span class=\"s3\"><\/span>astenerti dalla diffusione e dalla distribuzione a terzi di qualsivoglia materiale che non sia di pubblico dominio (inclusi: corrispondenza, offerte, informazioni tecniche, contratti, raccomandazioni ecc.) senza la nostra preventiva autorizzazione scritta;<\/li>\n<li class=\"li1\"><span class=\"s3\"><\/span>assicurarti che i tuoi dispositivi informatici siano protetti (ad esempio mediante antivirus e firewall) e privi di elementi malevoli (quali malware, virus, cavalli di troia ecc.);<\/li>\n<li class=\"li1\"><span class=\"s3\"><\/span>non utilizzare mezzi d\u2019ogni genere, incluso il software, per interferire o tentare di interferire con l\u2019attivit\u00e0 del sito e delle altre risorse online o per ostacolare la fruibilit\u00e0 dei servizi da parte degli utenti.<\/li>\n<\/ul>\n<p class=\"p1\"><strong><span class=\"s1\">Responsabilit\u00e0 degli utenti<\/span>.<\/strong> <br \/>Con l\u2019accesso e l\u2019uso del sito e delle altre risorse online ti impegni a mantenere indenni e manlevati la nostra societ\u00e0 e i suoi organi, dirigenti e dipendenti da qualsiasi danno e\/o pregiudizio e\/o mancato guadagno, sia esso economico o morale, derivante dall\u2019uso illecito e\/o non conforme alle presenti condizioni del sito e delle altre risorse online.<\/p>\n<p class=\"p1\"><strong><span class=\"s1\">Cancellazione di contenuti ed esclusione degli utenti<\/span>.<\/strong> <br \/>Ci riserviamo il diritto, a nostra insindacabile discrezione, di restringere, parzialmente o completamente, l\u2019accesso e\/o l\u2019utilizzo del sito e delle altre risorse online a utenti determinati (in particolare, la newsletter e i profili sui social media), come pure di eliminare contenuti senza preavviso (inclusi i contenuti pubblicati dagli utenti sui nostri profili social), in particolare quando sussistono indizi di potenziali attivit\u00e0 o comportamenti non conformi al presente documento.<\/p>\n<p class=\"p2\"><strong><span class=\"s1\">Interruzione del servizio<\/span>.<\/strong> <br \/>\u00c8 esclusa qualsiasi responsabilit\u00e0 in caso di malfunzionamento o indisponibilit\u00e0 del sito e delle altre risorse online (inclusi e-mail, plug-in per l\u2019invio sicuro di documenti e formulario di contatto), in particolare ove ci\u00f2 sia imputabile ad eventi esterni (ad esempio: interruzioni della rete internet, malfunzionamenti dei dispositivi dell\u2019Utente, attacchi informatici, black-out ecc.) oppure nell\u2019ambito di lavori di ordinaria o straordinaria manutenzione. In caso di urgenza durante periodi di temporanea indisponibilit\u00e0 del sito, contattaci per telefono oppure per e-mail.<\/p>\n<p class=\"p3\"><strong>Diritto applicabile e foro competente<\/strong><\/p>\n<p class=\"p4\"><strong><span class=\"s1\">Diritto applicabile<\/span>.<\/strong> <br \/>L\u2019utilizzo del sito e dei servizi online collegati Il trattamento di dati personali \u00e8 disciplinato dal Garante per la protezione dei dati personali (<a href=\"https:\/\/www.garanteprivacy.it\"><span class=\"s4\">https:\/\/www.garanteprivacy.it<\/span><\/a>) <span class=\"s5\">(art. 4, par. 1, punto 2, del\u00a0<a href=\"https:\/\/www.garanteprivacy.it\/regolamentoue\"><span class=\"s6\">Regolamento (UE) 2016\/679<\/span><\/a>)<\/span><\/p>\n<p class=\"p5\"><span class=\"s1\"><span class=\"Apple-tab-span\"> <\/span><\/span><\/p>\n<p class=\"p6\"><span class=\"s1\">Data di messa in vigore<\/span>: 26\/05\/2022<\/p>\n<p>[\/et_pb_text][\/et_pb_column][\/et_pb_row][\/et_pb_section]<\/p>\n","protected":false},"excerpt":{"rendered":"<p>condizioni d&#8217;usoDi cosa si tratta? Quando utilizzi il sito www.belluschi.it e le altre risorse online, quali, ad esempio, il formulario di contatto, i profili sui social media, la newsletter o il plug-in per inviarci documenti in maniera sicura, stai utilizzando strumenti e contenuti di propriet\u00e0 di Belluschi, per cui sei tenuto a rispettare le condizioni [&hellip;]<\/p>\n","protected":false},"author":1,"featured_media":0,"parent":0,"menu_order":0,"comment_status":"closed","ping_status":"closed","template":"","meta":{"_et_pb_use_builder":"on","_et_pb_old_content":"<!-- wp:divi\/placeholder \/-->","_et_gb_content_width":"","footnotes":""},"class_list":["post-548","page","type-page","status-publish","hentry"],"yoast_head":"<!-- This site is optimized with the Yoast SEO plugin v18.9 - https:\/\/yoast.com\/wordpress\/plugins\/seo\/ -->\n<title>Condizioni d&#039;uso - Belluschi<\/title>\n<meta name=\"robots\" content=\"index, follow, max-snippet:-1, max-image-preview:large, max-video-preview:-1\" \/>\n<link rel=\"canonical\" href=\"https:\/\/www.belluschi.it\/?page_id=548\" \/>\n<meta property=\"og:locale\" content=\"it_IT\" \/>\n<meta property=\"og:type\" content=\"article\" \/>\n<meta property=\"og:title\" content=\"Condizioni d&#039;uso - Belluschi\" \/>\n<meta property=\"og:description\" content=\"condizioni d&#039;usoDi cosa si tratta? Quando utilizzi il sito www.belluschi.it e le altre risorse online, quali, ad esempio, il formulario di contatto, i profili sui social media, la newsletter o il plug-in per inviarci documenti in maniera sicura, stai utilizzando strumenti e contenuti di propriet\u00e0 di Belluschi, per cui sei tenuto a rispettare le condizioni [&hellip;]\" \/>\n<meta property=\"og:url\" content=\"https:\/\/www.belluschi.it\/?page_id=548\" \/>\n<meta property=\"og:site_name\" content=\"Belluschi\" \/>\n<meta property=\"article:modified_time\" content=\"2022-08-02T14:09:37+00:00\" \/>\n<meta name=\"twitter:card\" content=\"summary_large_image\" \/>\n<script type=\"application\/ld+json\" class=\"yoast-schema-graph\">{\"@context\":\"https:\/\/schema.org\",\"@graph\":[{\"@type\":\"WebSite\",\"@id\":\"https:\/\/www.belluschi.it\/#website\",\"url\":\"https:\/\/www.belluschi.it\/\",\"name\":\"Belluschi\",\"description\":\"restauro, decorazione e manutenzione\",\"potentialAction\":[{\"@type\":\"SearchAction\",\"target\":{\"@type\":\"EntryPoint\",\"urlTemplate\":\"https:\/\/www.belluschi.it\/?s={search_term_string}\"},\"query-input\":\"required name=search_term_string\"}],\"inLanguage\":\"it-IT\"},{\"@type\":\"WebPage\",\"@id\":\"https:\/\/www.belluschi.it\/?page_id=548#webpage\",\"url\":\"https:\/\/www.belluschi.it\/?page_id=548\",\"name\":\"Condizioni d'uso - Belluschi\",\"isPartOf\":{\"@id\":\"https:\/\/www.belluschi.it\/#website\"},\"datePublished\":\"2022-05-27T07:27:36+00:00\",\"dateModified\":\"2022-08-02T14:09:37+00:00\",\"breadcrumb\":{\"@id\":\"https:\/\/www.belluschi.it\/?page_id=548#breadcrumb\"},\"inLanguage\":\"it-IT\",\"potentialAction\":[{\"@type\":\"ReadAction\",\"target\":[\"https:\/\/www.belluschi.it\/?page_id=548\"]}]},{\"@type\":\"BreadcrumbList\",\"@id\":\"https:\/\/www.belluschi.it\/?page_id=548#breadcrumb\",\"itemListElement\":[{\"@type\":\"ListItem\",\"position\":1,\"name\":\"Home\",\"item\":\"https:\/\/www.belluschi.it\/\"},{\"@type\":\"ListItem\",\"position\":2,\"name\":\"Condizioni d&#8217;uso\"}]}]}<\/script>\n<!-- \/ Yoast SEO plugin. -->","yoast_head_json":{"title":"Condizioni d'uso - Belluschi","robots":{"index":"index","follow":"follow","max-snippet":"max-snippet:-1","max-image-preview":"max-image-preview:large","max-video-preview":"max-video-preview:-1"},"canonical":"https:\/\/www.belluschi.it\/?page_id=548","og_locale":"it_IT","og_type":"article","og_title":"Condizioni d'uso - Belluschi","og_description":"condizioni d'usoDi cosa si tratta? Quando utilizzi il sito www.belluschi.it e le altre risorse online, quali, ad esempio, il formulario di contatto, i profili sui social media, la newsletter o il plug-in per inviarci documenti in maniera sicura, stai utilizzando strumenti e contenuti di propriet\u00e0 di Belluschi, per cui sei tenuto a rispettare le condizioni [&hellip;]","og_url":"https:\/\/www.belluschi.it\/?page_id=548","og_site_name":"Belluschi","article_modified_time":"2022-08-02T14:09:37+00:00","twitter_card":"summary_large_image","schema":{"@context":"https:\/\/schema.org","@graph":[{"@type":"WebSite","@id":"https:\/\/www.belluschi.it\/#website","url":"https:\/\/www.belluschi.it\/","name":"Belluschi","description":"restauro, decorazione e manutenzione","potentialAction":[{"@type":"SearchAction","target":{"@type":"EntryPoint","urlTemplate":"https:\/\/www.belluschi.it\/?s={search_term_string}"},"query-input":"required name=search_term_string"}],"inLanguage":"it-IT"},{"@type":"WebPage","@id":"https:\/\/www.belluschi.it\/?page_id=548#webpage","url":"https:\/\/www.belluschi.it\/?page_id=548","name":"Condizioni d'uso - Belluschi","isPartOf":{"@id":"https:\/\/www.belluschi.it\/#website"},"datePublished":"2022-05-27T07:27:36+00:00","dateModified":"2022-08-02T14:09:37+00:00","breadcrumb":{"@id":"https:\/\/www.belluschi.it\/?page_id=548#breadcrumb"},"inLanguage":"it-IT","potentialAction":[{"@type":"ReadAction","target":["https:\/\/www.belluschi.it\/?page_id=548"]}]},{"@type":"BreadcrumbList","@id":"https:\/\/www.belluschi.it\/?page_id=548#breadcrumb","itemListElement":[{"@type":"ListItem","position":1,"name":"Home","item":"https:\/\/www.belluschi.it\/"},{"@type":"ListItem","position":2,"name":"Condizioni d&#8217;uso"}]}]}},"_links":{"self":[{"href":"https:\/\/www.belluschi.it\/index.php?rest_route=\/wp\/v2\/pages\/548","targetHints":{"allow":["GET"]}}],"collection":[{"href":"https:\/\/www.belluschi.it\/index.php?rest_route=\/wp\/v2\/pages"}],"about":[{"href":"https:\/\/www.belluschi.it\/index.php?rest_route=\/wp\/v2\/types\/page"}],"author":[{"embeddable":true,"href":"https:\/\/www.belluschi.it\/index.php?rest_route=\/wp\/v2\/users\/1"}],"replies":[{"embeddable":true,"href":"https:\/\/www.belluschi.it\/index.php?rest_route=%2Fwp%2Fv2%2Fcomments&post=548"}],"version-history":[{"count":5,"href":"https:\/\/www.belluschi.it\/index.php?rest_route=\/wp\/v2\/pages\/548\/revisions"}],"predecessor-version":[{"id":1019,"href":"https:\/\/www.belluschi.it\/index.php?rest_route=\/wp\/v2\/pages\/548\/revisions\/1019"}],"wp:attachment":[{"href":"https:\/\/www.belluschi.it\/index.php?rest_route=%2Fwp%2Fv2%2Fmedia&parent=548"}],"curies":[{"name":"wp","href":"https:\/\/api.w.org\/{rel}","templated":true}]}}